{"id":170,"date":"2013-09-30T17:34:39","date_gmt":"2013-09-30T17:34:39","guid":{"rendered":"http:\/\/www.inno-med.eu\/?page_id=170"},"modified":"2024-10-15T17:46:44","modified_gmt":"2024-10-15T15:46:44","slug":"e-pood","status":"publish","type":"page","link":"https:\/\/www.inno-med.eu\/?page_id=170","title":{"rendered":"Firmast"},"content":{"rendered":"<p><span style=\"color: #000000;\">Innomed O\u00dc on meditsiinitehnika ja -tarvikute m\u00fc\u00fcgiga tegelev ettev\u00f5te.<\/span><\/p>\n<p><span style=\"color: #000000;\">Meie fookusvaldkonnad on kirurgia, sterilisatsioon, haiglatooted, patoloogia ja histoloogia.<\/span><\/p>\n<p><span style=\"color: #000000;\"><\/p>\n<div class=\"clear\"><\/div>\n<div class=\"gdl-divider gdl-border-x top\">\n<div class=\"scroll-top\"><\/div>\n<\/div>\n<p><\/span><\/p>\n<p><span style=\"color: #000000;\"><strong>Kontaktid:<\/strong><\/span><\/p>\n<p><span style=\"color: #000000;\">Mob. <span style=\"color: #0000ff;\"><a style=\"color: #0000ff;\" href=\"tel:+3725269715\">+372 52 69 715<\/a><\/span><\/span><\/p>\n<p><span style=\"color: #000000;\"><span style=\"color: #000000;\">E-mail:<\/span> <span style=\"color: #0000ff;\"><a href=\"mailto:info@inno-med.eu\"><span style=\"color: #0000ff;\">info<\/span><\/a><a href=\"mailto:info@inno-med.eu\"><span style=\"color: #0000ff;\">@inno-med.eu<\/span><\/a><\/span><\/span><\/p>\n<hr \/>\n<p><span style=\"color: #000000;\">Ett<\/span><span style=\"color: #000000;\">ev\u00f5tte rekvisiidid:<\/span><\/p>\n<p><span style=\"color: #000000;\">Reg.nr. 12537797<\/span><\/p>\n<p><span style=\"color: #000000;\">KMKR EE101674115<\/span><\/p>\n<p><span style=\"color: #000000;\">Aadress: Vabaduse pst.25, 11214 Tallinn<\/span><\/p>\n","protected":false},"excerpt":{"rendered":"<p>Innomed O\u00dc on meditsiinitehnika ja -tarvikute m\u00fc\u00fcgiga tegelev ettev\u00f5te. Meie fookusvaldkonnad on kirurgia, sterilisatsioon, haiglatooted, patoloogia ja histoloogia. Kontaktid: Mob. +372 52 69 715 E-mail: info@inno-med.eu Ettev\u00f5tte rekvisiidid: Reg.nr. 12537797 KMKR EE101674115 Aadress: Vabaduse pst.25, 11214 Tallinn<\/p>\n","protected":false},"author":2,"featured_media":0,"parent":0,"menu_order":0,"comment_status":"closed","ping_status":"open","template":"","meta":[],"_links":{"self":[{"href":"https:\/\/www.inno-med.eu\/index.php?rest_route=\/wp\/v2\/pages\/170"}],"collection":[{"href":"https:\/\/www.inno-med.eu\/index.php?rest_route=\/wp\/v2\/pages"}],"about":[{"href":"https:\/\/www.inno-med.eu\/index.php?rest_route=\/wp\/v2\/types\/page"}],"author":[{"embeddable":true,"href":"https:\/\/www.inno-med.eu\/index.php?rest_route=\/wp\/v2\/users\/2"}],"replies":[{"embeddable":true,"href":"https:\/\/www.inno-med.eu\/index.php?rest_route=%2Fwp%2Fv2%2Fcomments&post=170"}],"version-history":[{"count":67,"href":"https:\/\/www.inno-med.eu\/index.php?rest_route=\/wp\/v2\/pages\/170\/revisions"}],"predecessor-version":[{"id":1987,"href":"https:\/\/www.inno-med.eu\/index.php?rest_route=\/wp\/v2\/pages\/170\/revisions\/1987"}],"wp:attachment":[{"href":"https:\/\/www.inno-med.eu\/index.php?rest_route=%2Fwp%2Fv2%2Fmedia&parent=170"}],"curies":[{"name":"wp","href":"https:\/\/api.w.org\/{rel}","templated":true}]}}